{"id":92,"date":"2020-03-04T16:19:45","date_gmt":"2020-03-04T16:19:45","guid":{"rendered":"http:\/\/7huegel-gastro.mediaproductiv.de\/?page_id=92"},"modified":"2023-08-11T09:28:47","modified_gmt":"2023-08-11T09:28:47","slug":"unsere-angebote","status":"publish","type":"page","link":"https:\/\/xn--bhlmeyers-landcafe-m6b.de\/?page_id=92","title":{"rendered":"Caf\u00e9"},"content":{"rendered":"\n<h2 class=\"wp-block-heading\"> Das  Caf\u00e9 \u2013 einfach Zeit geniessen <\/h2>\n\n\n\n<p> Unser Licht durchflutetes Cafe ist der ideale Ort um sich mit der Familie oder guten Bekannten in netter Runde zu treffen. G\u00f6nnen Sie sich dort die \u00e4usserst schmackhaften Angebote . Besonders beliebt ist das Schlemmerfr\u00fchst\u00fcck, welches keine W\u00fcnsche offen l\u00e4sst. Geniessen Sie die gro\u00dfe Auswahl an Brot und Br\u00f6tchen, gesunden Cerealien, diverse Brotaufstriche, Aufschnitt, K\u00e4se, Salate, Fisch, selbstgemachte Konfit\u00fcren, mediterran zubereitetes Gem\u00fcse und vieles mehr. <\/p>\n\n\n\n<p> Dazu pr\u00e4sentieren wir ihnen erlesenen Kaffee sowie diverse Teesorten und S\u00e4fte. Auch die Kuchenliebhaber kommen voll auf Ihre Kosten in unserem Cafe, denn die mit Liebe gemachten Torten und Kuchen, vers\u00fc\u00dfen Ihnen die Zeit auf sehr angenehme Art und Weise . Bei Fragen und W\u00fcnschen steht Ihnen unser Personal jederzeit zur Verf\u00fcgung um Ihnen den Aufenthalt so angenehm wie m\u00f6glich zu machen. In so einer Atmosph\u00e4re vergeht die Zeit wie im Fluge.  <\/p>\n\n\n\nngg_shortcode_0_placeholder\n","protected":false},"excerpt":{"rendered":"<p>Das Caf\u00e9 \u2013 einfach Zeit geniessen Unser Licht durchflutetes Cafe ist der ideale Ort um sich mit der Familie oder guten Bekannten in netter Runde zu treffen. G\u00f6nnen Sie sich dort die \u00e4usserst schmackhaften Angebote . Besonders beliebt ist das Schlemmerfr\u00fchst\u00fcck, welches keine W\u00fcnsche offen l\u00e4sst. Geniessen Sie die gro\u00dfe Auswahl an Brot und Br\u00f6tchen,&#8230;<\/p>\n","protected":false},"author":1,"featured_media":0,"parent":0,"menu_order":0,"comment_status":"closed","ping_status":"closed","template":"","meta":{"ngg_post_thumbnail":0,"footnotes":""},"class_list":["post-92","page","type-page","status-publish","hentry"],"_links":{"self":[{"href":"https:\/\/xn--bhlmeyers-landcafe-m6b.de\/index.php?rest_route=\/wp\/v2\/pages\/92","targetHints":{"allow":["GET"]}}],"collection":[{"href":"https:\/\/xn--bhlmeyers-landcafe-m6b.de\/index.php?rest_route=\/wp\/v2\/pages"}],"about":[{"href":"https:\/\/xn--bhlmeyers-landcafe-m6b.de\/index.php?rest_route=\/wp\/v2\/types\/page"}],"author":[{"embeddable":true,"href":"https:\/\/xn--bhlmeyers-landcafe-m6b.de\/index.php?rest_route=\/wp\/v2\/users\/1"}],"replies":[{"embeddable":true,"href":"https:\/\/xn--bhlmeyers-landcafe-m6b.de\/index.php?rest_route=%2Fwp%2Fv2%2Fcomments&post=92"}],"version-history":[{"count":30,"href":"https:\/\/xn--bhlmeyers-landcafe-m6b.de\/index.php?rest_route=\/wp\/v2\/pages\/92\/revisions"}],"predecessor-version":[{"id":479,"href":"https:\/\/xn--bhlmeyers-landcafe-m6b.de\/index.php?rest_route=\/wp\/v2\/pages\/92\/revisions\/479"}],"wp:attachment":[{"href":"https:\/\/xn--bhlmeyers-landcafe-m6b.de\/index.php?rest_route=%2Fwp%2Fv2%2Fmedia&parent=92"}],"curies":[{"name":"wp","href":"https:\/\/api.w.org\/{rel}","templated":true}]}}